 a and 204?
51
Suppose 5*x = 2*t - 2910, -4*x + 2735 = 5*t - 4474. Let a = -950 + t. Suppose a = -16*r + 19*r. Calculate the highest common divisor of r and 15.
15
Suppose -151 = 5*z + 139. Let c = -10 - z. Suppose 0 = -5*n - 9 + 69. What is the highest common factor of n and c?
12
Let x(a) = -a**2 - 13*a - 3. Let j be x(-12). Suppose 66 = -6*s + j*s. Suppose -s = -8*y + 26. Calculate the highest common divisor of 24 and y.
6
Let u be (104/(-26))/((-4)/11894). Suppose -x + 1564 = -2*a, 5*x - u = -2*a - 4098. Calculate the greatest common divisor of x and 104.
104
Let z(t) = t**2 - 41*t - 124. Let r be z(-3). Calculate the highest common factor of 5596 and r.
4
Suppose 5*b = 29 + 26. Suppose -3*j = y - 17, -y + 0*y + b = 2*j. What is the greatest common factor of j and 27?
3
Let m = 5 + 2. Suppose 15 = 7*k - 2*k. Suppose -k*u = -2*u - m. What is the greatest common factor of 7 and u?
7
Suppose a + 14*a - 3630 = 0. Suppose -5*j + 3 = -a. Calculate the highest common factor of 7 and j.
7
Suppose -4 = -2*r, 2*z + 0*r - 5*r - 100 = 0. Suppose 7*y - 183 = z. What is the greatest common factor of 85 and y?
17
Let o be (0 - (-8)/(-2)) + 6. Suppose 6*i + 27 = 51. What is the greatest common divisor of i and o?
2
Let l(g) = 60*g + 4. Suppose 10*b - 5*b = 10. Let c be l(b). Calculate the highest common divisor of 217 and c.
31
Let y(j) = -44*j + 768. Let n be y(16). What is the greatest common divisor of n and 296?
8
Let u = 42220 + -6682. Calculate the highest common factor of 6 and u.
6
Suppose 43*t = 1468 + 1843. Let r = t + 126. Calculate the highest common factor of r and 87.
29
Suppose 121*i - 6936 - 21620 = 0. What is the greatest common divisor of 10502 and i?
118
Let f(c) = 2*c**3 + 75*c**2 + 38*c + 208. Let o be f(-37). Calculate the greatest common factor of 304 and o.
19
Let g be 121 - 45 - (-8 - 0/(-3)). Calculate the greatest common divisor of 276 and g.
12
Let s(v) = 11*v**2 + 34*v - 20. Let d be s(17). Calculate the greatest common factor of 111 and d.
37
Let b = -15677 - -15952. What is the greatest common factor of b and 7040?
55
Let l be (-2)/((-3)/((-2 - 0)*135/(-36))). What is the greatest common divisor of l and 535?
5
Let i = 89 + -71. Let a be 90/i*(-3)/(-5). Suppose 2*d - 26 = -2. Calculate the greatest common factor of a and d.
3
Suppose 5*i - 94 = 3*t + 121, i - 2*t = 50. Let z = 4 + -1. Suppose f - r - 56 = 0, 5*r - 3*r = -z*f + 188. What is the highest common divisor of i and f?
20
Let j(w) = w**2 + 3. Let i be j(-2). Let c be (-4)/(-14) + (-119954)/i. Let r be c/(-156) + 4/26. What is the greatest common divisor of 22 and r?
22
Let m = 252 - 58. Let g = 236 - m. Calculate the highest common divisor of g and 12.
6
Let f = 1057 - 650. Let x = f - 236. What is the highest common factor of 38 and x?
19
Let b = 17 - 14. Suppose 0 = 2*s + 2*v - 112, b*s + s + v = 224. Let r be (8/(-3))/((-4)/12). What is the highest common factor of s and r?
8
Suppose 1456 = -9*o - 425. Let q = -208 - o. What is the greatest common factor of 4 and q?
1
Suppose -15*u - 2*u - 20 = -88. Suppose 0 = -s - 2*s + 132. What is the highest common divisor of s and u?
4
Let c be (9/6)/((-3)/(-76)). Let i(j) = -3*j**2 + 2*j + 2. Let g be i(-1). Let r be ((16/(-6))/8)/(g/513). What is the greatest common factor of r and c?
19
Let j(k) = -k**3 + 3*k**2 - k + 10. Suppose 0 = -3*n + 5*n - 4, -2*i + 2*n = 12. Let p be j(i). Calculate the greatest common factor of p and 56.
14
Let t(k) = 5*k**2 - 152*k - 5981. Let d be t(-51). What is the highest common divisor of d and 16?
8
Suppose -35*k - 3687 - 4464 + 37726 = 0. What is the highest common factor of 15 and k?
5
Let g(k) be the third derivative of 3/2*k**3 + 0*k + 1/8*k**4 + 23*k**2 + 0. Let o be g(5). Calculate the greatest common divisor of 24 and o.
24
Let q(w) = -37*w + 1036. Let f be q(-26). Calculate the greatest common divisor of f and 54.
54
Let r be (-9)/(2 - (-3)/((-108)/76)). Suppose -g + 1 - r = 0. Let f be 24/10*g/(-12). Calculate the greatest common divisor of 32 and f.
16
Suppose 24*z - 28*z + 980 = 31*z. What is the highest common divisor of 3556 and z?
28
Let h(z) = 28*z + 1086. Let x be h(-37). Let s = 132 - -128. Calculate the greatest common factor of s and x.
10
Let d be 34*-1*(-7 + 2). Suppose -j + 32 = -3*h, 0 = j - 6*h + 7*h - 12. Calculate the greatest common divisor of d and j.
17
Let r(m) be the first derivative of 3*m**2/2 + 70*m - 143. Let c be r(14). Calculate the highest common divisor of c and 70.
14
Let c be (-14)/(-10) + 14/(-35) - -265. Let y = c + -248. What is the highest common factor of y and 486?
18
Let f = -4810 - -5150. What is the highest common divisor of f and 15?
5
Suppose z - 5*i + 125 = 5*z, -5*z + 154 = 4*i. Let j = -502 + 632. What is the highest common divisor of z and j?
10
Let x be (-1 - 0) + -1 - (-19 + -5). Suppose 0 = -2*k - 4*i + x, 9*i = 7*i - 4. What is the highest common factor of 120 and k?
15
Suppose -2*f + f - 5*d + 50 = 0, 3 = -d. Suppose -69*v = -f*v - 52. Let a be (-2)/(-13) + 960/v. Calculate the greatest common factor of 111 and a.
37
Let b = 5332 + -5279. What is the highest common divisor of b and 6148?
53
Let o(p) = 1754*p + 242055. Let s be o(-138). Suppose -7 = -3*c - 1. Suppose -4 = -k + c. What is the highest common divisor of s and k?
3
Let n(i) = -i**3 + 5*i**2 + 2*i + 88. Let w be n(0). Suppose 3*y + 12 = 0, 0 = -f - 5*y + 3*y + 47. What is the highest common divisor of f and w?
11
Let d be ((-6)/7)/((-4)/56). Suppose -d*u = 5*h - 8*u - 404, h - 84 = -4*u. What is the highest common factor of h and 4?
4
Let u(m) = m**3 + 29*m**2 + 8*m + 635. Let w be u(0). Calculate the greatest common factor of w and 1016.
127
Suppose 25*m - 8360 - 2840 = 0. Calculate the highest common factor of m and 742.
14
Let g be (-2 - -1)*(-3 + 1)*(-24)/(-16). Calculate the greatest common factor of g and 5367.
3
Let o(g) = 5*g**2 + 3*g + 4. Let h be o(-3). Let j = h + 5. Let l = -8019 - -8037. What is the highest common divisor of j and l?
9
Let f = 0 - 7. Let j(v) = -v**3 - 7*v**2 + 4. Let i be j(f). Let t be 5 + -7 + -3 + 6. What is the highest common divisor of i and t?
1
Suppose 7*g - 4*f = 8*g + 8, 5*f = -4*g + 23. Let t = -112 - -115. Suppose h + h + t*s = 56, -56 = -2*h - 2*s. Calculate the greatest common divisor of g and h.
4
Suppose -22 = -353*i + 331*i. Let h(g) = 2*g - 4. Let u be h(5). Let n be u/(-144)*-788 - i/(-6). Calculate the highest common factor of n and 22.
11
Let j = 1043 - -172. What is the greatest common divisor of 15 and j?
15
Suppose 2*y = -l + 693, 0*l = -4*l + 2*y + 2802. Calculate the highest common factor of 12 and l.
3
Let x = -12319 + 27896. Calculate the greatest common factor of 37 and x.
37
Let y(o) = 24*o**2 - 12*o + 11. Let w be y(1). What is the highest common divisor of 1357 and w?
23
Let k = 1476 + -1385. What is the greatest common divisor of 5 and k?
1
Let k = 1421 + -797. Suppose 0 = -26*w + k + 1040. Calculate the highest common factor of w and 112.
16
Suppose 19*g - 4*c - 1020 = 14*g, -7*g + 5*c + 1431 = 0. What is the highest common factor of 3068 and g?
52
Suppose 78408 = 5019*p - 4995*p. Calculate the highest common divisor of p and 27.
27
Suppose 0*b + 3*b = -f + 9, -17 = -3*f + b. Let z be (4/6)/(f/(-9))*-34. What is the highest common factor of 170 and z?
34
Suppose -42*u + 50*u = 384. What is the highest common divisor of u and 7536?
48
Let j = -10616 - -11053. Calculate the greatest common factor of 779 and j.
19
Suppose 0 = 2*d + c + 4*c + 44, -2*d - 44 = -3*c. Let v be (-2)/(2 - 0)*d. Let t be -72*(-15 + 49/4). Calculate the greatest common divisor of t and v.
22
Let t(y) = -7*y + 7. Let d be 4 - (1 + 21/(-3)). Let a be -3 + (-118)/d + (-2)/10. Let j be t(a). Calculate the greatest common factor of 16 and j.
16
Let a = -23 - -72. Suppose 10507 = 1385*g - 1306*g. What is the greatest common factor of g and a?
7
Let s(z) = 3*z**3 + 21*z**2 + 36*z + 17. Let x be s(-4). Calculate the greatest common divisor of x and 45407.
17
Suppose -19712 - 92296 = -24*w. What is the highest common factor of 13 and w?
13
Let t be 117/6*(3 - (1 - 0)). Suppose 13*r - t = 156. Suppose 0 = 4*w - 297 - 183. Calculate the highest common divisor of w and r.
15
Suppose -27*y + 4699 + 9962 = 0. Calculate the highest common divi